 q(-5).
5
Let o(l) = l**2 + 3*l - 19. What is o(7)?
51
Let x(q) = -41*q + 283. Calculate x(8).
-45
Let k(v) = -14*v - 4. Give k(-6).
80
Let v(i) = 2*i + 6. Determine v(-10).
-14
Let i(j) = -j**2 - 13*j + 5. Calculate i(-9).
41
Let w(z) = z**3 + 7*z**2 - 2*z - 5. Determine w(-6).
43
Let v(t) = t - 9. What is v(1)?
-8
Let o(h) = -8*h - 1. Calculate o(3).
-25
Let g(n) = -n**2 - 16*n - 47. Give g(-12).
1
Let o(h) = h**3 + 6*h**2 + 2*h - 12. Calculate o(-5).
3
Let d(o) = -o**3 - 3*o - 13. Give d(0).
-13
Let x(l) = l**2 + 6*l + 6. Give x(-5).
1
Let b(l) = -17*l**2 + 3*l. What is b(2)?
-62
Let f(r) = -3*r + 23. Calculate f(-3).
32
Let l(y) = -17*y + 69. Determine l(6).
-33
Let z(q) = 6*q - 45. What is z(7)?
-3
Let w(m) = m**3 + 2*m**2 + 3*m + 6. Determine w(-2).
0
Let i(j) = -8*j**3 - 4*j**2 + 6*j - 4. Determine i(1).
-10
Let k(x) = -3*x**2 - 21*x + 32. What is k(-7)?
32
Let n(y) = -2*y**3 - 3*y**2 + 8*y + 3. What is n(-3)?
6
Let x(f) = -f - 2. What is x(-10)?
8
Let b(c) = c + 25. Give b(-11).
14
Let t(l) = -2*l**3 + l**2 - 3*l + 2. Calculate t(2).
-16
Let a(g) = 9*g + 33. What is a(-5)?
-12
Let b(j) = -j**2 + 8*j - 2. What is b(7)?
5
Let r(o) = -2*o**2 + 56*o + 6. Give r(28).
6
Let d(h) = -h**3 + 8*h**2 - 5*h + 2. Give d(3).
32
Let j(k) = 2*k**2 - 9*k - 13. Give j(6).
5
Let d(b) = -b**2 - 25*b - 52. Calculate d(-22).
14
Let y(w) = -w**2 - 16*w + 16. What is y(-17)?
-1
Let k(t) = -3*t + 6. Give k(5).
-9
Let l(a) = -4*a + 16. Determine l(10).
-24
Let n(m) = m**2 + 12*m + 1. Give n(-5).
-34
Let z(n) = -n**3 - 7*n**2 + 18*n + 21. Determine z(-9).
21
Let c(m) = -m**3 - 4*m**2 - 2*m - 8. Calculate c(-3).
-11
Let m(f) = -f**3 - f**2 + 5*f - 1. What is m(2)?
-3
Let j(g) = 8*g - 1. Give j(1).
7
Let z(c) = -347*c - 2078. Calculate z(-6).
4
Let i(y) = -2*y**2 - 6*y + 7. Calculate i(-4).
-1
Let x(z) = z + 10. What is x(-16)?
-6
Let a(l) = -l**2 + 40*l + 275. What is a(46)?
-1
Let t(m) = -14*m + 7. Calculate t(-4).
63
Let b(f) = 2*f**3 + 17*f**2 + 4*f - 38. Calculate b(-8).
-6
Let i(d) = -d**3 + 18*d**2 - 19*d - 10. Calculate i(17).
-44
Let a(l) = 3*l - 6. Give a(-3).
-15
Let g(u) = u**3 + 14*u**2 + 2*u. Calculate g(-14).
-28
Let r(n) = -124*n + 1359. What is r(11)?
-5
Let m(p) = -2*p**2 - 7*p + 5. Calculate m(1).
-4
Let t(y) = y**2 + y - 3. Determine t(-4).
9
Let i(o) = 4*o**2 - 8*o + 1. Give i(1).
-3
Let p(h) = h**3 + 11*h**2 + 9*h - 2. Give p(-10).
8
Let g(h) = -h**2 - 9*h - 27. Give g(-7).
-13
Let x(v) = -v**3 - 4*v**2 - 6*v - 61. Calculate x(-5).
-6
Let t(o) = -o**3 - 9*o**2 - 23*o - 37. Give t(-6).
-7
Let s(t) = -t**2 - 15*t - 36. Determine s(-8).
20
Let d(r) = 9*r**2 - 4*r - 5. Calculate d(-2).
39
Let c(i) = 7*i**2 - 2*i + 2. Calculate c(2).
26
Let l(w) = 13*w**2 - 2*w - 2. Give l(1).
9
Let u(s) = 6*s**2 + 5*s + 9. Give u(-3).
48
Let r(i) = i**3 + 8*i**2 + 6*i - 3. What is r(-6)?
33
Let q(y) = 6*y + 107. What is q(-20)?
-13
Let v(d) = d**3 + 11*d**2 - 21*d - 113. Determine v(-12).
-5
Let o(a) = a**3 - a**2 - 5*a - 1. Give o(3).
2
Let c(p) = -p**3 - 11*p**2 + 14*p - 3. Give c(-12).
-27
Let k(v) = -v**2 - 10*v - 6. What is k(-9)?
3
Let a(q) = 29*q - 46. Determine a(4).
70
Let b(g) = 141*g + 850. Calculate b(-6).
4
Let p(c) = -7*c + 16. Determine p(3).
-5
Let b(t) = t**3 - 6*t**2 - 9*t - 6. Calculate b(7).
-20
Let a(f) = -18*f + 58. Calculate a(6).
-50
Let p(j) = -j**3 - 15*j**2 + 17*j + 24. Give p(-16).
8
Let c(r) = r**2 - 7*r + 13. Calculate c(4).
1
Let s(n) = -3*n + 169. What is s(58)?
-5
Let v(b) = -33*b + 650. What is v(20)?
-10
Let y(u) = u**3 + 5*u**2 - 2*u + 4. Calculate y(-6).
-20
Let s(y) = -3*y + 24. What is s(0)?
24
Let w(a) = -a**2 - 12*a + 6. Determine w(-13).
-7
Let x(s) = 53*s - 19. Give x(1).
34
Let w(o) = 14*o + 90. Determine w(-6).
6
Let p(g) = -g**3 - 6*g**2 + 5*g - 16. Determine p(-7).
-2
Let y(w) = w**3 + 7*w**2 + 9*w - 8. Determine y(-5).
-3
Let r(p) = p**3 + 13*p**2 - 3*p - 11. Calculate r(-13).
28
Let w(k) = -k**2 - 8*k + 4. Give w(-15).
-101
Let u(a) = 2*a**2 + a - 8. Calculate u(-4).
20
Let l(f) = 4*f**2 - 7*f - 1. What is l(5)?
64
Let i(t) = -5*t + 11. Give i(2).
1
Let n(q) = -q + 3. Determine n(3).
0
Let r(f) = -2*f**2 + f + 7. Give r(2).
1
Let z(w) = w**2 - w - 10. Determine z(-11).
122
Let k(p) = p**2 - 26. Give k(-6).
10
Let u(y) = -12*y**2 + 1. Calculate u(1).
-11
Let c(z) = 2*z + 112. Determine c(-61).
-10
Let v(o) = o**3 - 5*o**2 + o - 2. What is v(4)?
-14
Let b(y) = -y**3 - 7*y**2 + 6. Determine b(-7).
6
Let j(a) = 2*a**2 + 6*a + 4. What is j(-4)?
12
Let y(k) = -k**2 - 22*k - 29. Calculate y(-21).
-8
Let o(j) = -j**2 - 20*j - 6. Determine o(-19).
13
Let p(a) = 9*a - 1. Give p(1).
8
Let h(k) = k**2 + 5*k - 20. Calculate h(-8).
4
Let v(m) = -m**2 - 9*m. Determine v(-7).
14
Let u(q) = -7*q - 8. Give u(3).
-29
Let b(r) = -19*r + 28. Give b(-2).
66
Let i(a) = a**2 + 15*a + 15. Give i(-13).
-11
Let m(a) = -a**3 + 2*a**2 - 4*a - 3. Determine m(4).
-51
Let o(i) = i**3 + 3*i**2 - i + 7. Calculate o(-4).
-5
Let t(v) = -v**2 + 9*v + 3. What is t(17)?
-133
Let j(l) = l**2 + 2*l - 1. Give j(-3).
2
Let r(s) = 10*s + 2. Calculate r(-3).
-28
Let q(v) = -v - 5. Give q(-4).
-1
Let c(l) = -l**3 - 16*l**2 + 4*l + 19. Determine c(-16).
-45
Let x(b) = 6*b - 89. Give x(21).
37
Let i(f) = -14*f + 50. Calculate i(7).
-48
Let t(s) = -s**2 - 14*s - 1. Determine t(-15).
-16
Let b(z) = -3*z - 49. Determine b(-18).
5
Let o(h) = 2*h**2 + 3*h - 1. Give o(3).
26
Let t(u) = -u**3 - 11*u**2 + 11*u + 3. Determine t(-12).
15
Let b(t) = t**3 + 3*t**2 - 3*t - 10. Give b(-4).
-14
Let w(l) = 5*l**3 + 3*l**2 - 6*l + 7. Determine w(2).
47
Let p(v) = v**3 + v**2 - 2*v - 5. Give p(0).
-5
Let j(t) = 21*t**3 + 7*t**2 + 2*t - 4. Give j(-2).
-148
Let b(j) = -j**3 + 4*j**2 - j + 1. Give b(0).
1
Let f(k) = 2*k**3 + 11*k**2 + 16*k + 9. Give f(-4).
-7
Let n(u) = -u**3 - 2*u**2 + 4*u. Give n(-4).
16
Let f(h) = 2*h - 1. Calculate f(-8).
-17
Let j(b) = -3*b - 4. Calculate j(0).
-4
Let b(u) = u**2 + 15*u + 12. Give b(-14).
-2
Let t(z) = 28*z + 578. Calculate t(-21).
-10
Let f(r) = 16*r**2 + 6*r - 10. Give f(3).
152
Let k(f) = -13*f + 74. Determine k(9).
-43
Let q(c) = -13*c**2 + 2*c + 1. What is q(-1)?
-14
Let y(g) = -g**3 + 5*g**2 - g - 1. What is y(4)?
11
Let p(d) = 16*d. What is p(1)?
16
Let h(s) = s**3 + 5*s**2 + 4*s + 3. What is h(-4)?
3
Let s(a) = -3*a**2 + 6*a - 10. Give s(-6).
-154
Let r(f) = -f**3 - 12*f**2 + 10*f - 33. Determine r(-13).
6
Let i(o) = o**3 - 30*o**2 + 32*o - 99. What is i(29)?
-12
Let g(y) = -3*y + 40. What is g(17)?
-11
Let g(w) = -2*w - 31. Give g(-15).
-1
Let g(u) = -u**2 - 7*u + 59. Determine g(-11).
15
Let r(v) = -6*v + 46. Determine r(6).
10
Let q(d) = -21*d**3 + d**2 - d - 1. Calculate q(-1).
22
Let o(b) = 2*b**2 + 14*b - 4. Give o(-10).
56
Let l(v) = -v**2 + 4*v - 7. What is l(0)?
-7
Let k(m) = -m**2 - 1. Determine k(-5).
-26
Let y(x) = -x**2 + 4*x + 149. Give y(14).
9
Let p(d) = d**2 - 4*d - 62. What is p(9)?
-17
Let d(t) = -6*t + 13. Determine d(2).
1
Let l(g) = 6*g + 273. Give l(-48).
-15
Let m(x) = -x**2 + 10*x - 42. Calculate m(5).
-17
Let f(g) = g**3 + g**2 - 6*g - 1. Determine f(-3).
-1
Let u(a) = a**3 - 13*a**2 + 14*a - 18. What is u(12)?
6
Let o(s) = 15*s - 459. Calculate o(31).
6
Let u(p) = p**3 + 11*p**2 - 12*p + 2. Give u(-12).
2
Let m(n) = -2*n**2 - 2*n - 1. Calculate m(2).
-13
Let w(l) = l**3 + 2*l**2 - 18*l - 10. What is w(-5)?
5
Let x(l) = l**2 + 16*l + 28. Give x(-12).
-20
Let y(w) = -2*w**3 + 24*w**2 - 5*w + 27. Give y(12).
-33
Let p(r) = 2*r**2 - 22*r + 40. Give p(3).
-8
Let c(v) = -v**3 + 2*v**2 + 8*v - 3. What is c(3)?
12
Let b(r) = -2*r**2 - 2*r. Determine b(1).
-4
Let s(n) = -n**3 - 5*n**2 + n + 9. Calculate s(0).
9
Let z(v) = 9*v**2 + 4*v - 7. Determine z(4).
153
Let v(u) = 51*u + 308. What is v(-6)?
2
Let p(w) = -7*w + 48. Give p(7).
-1
Let p(t) = -t**2 - 9*t - 15. Give p(-8).
-7
Let x(i) = -12*i + 187. Determine x(16).
-5
Let j(h) = 26*h + 1. Calculate j(1).
27
Let j(h) = -h**2 - 5*h - 1. What is j(-7)?
-15
Let c(m) = m**3 - 32*m**2 - 11. Calculate c(32).
-11
Let b(t) = -t - 16. Give b(-11).
-5
Let d(v) = v**2 + 8*v. Determine d(-6).
-12
Let s(y) = y**3 + 18*y**2 + 17*y + 2. Determine s(-17).
2
Let v(d) = d**2 + 15*d - 9. Give v(-16).
7
Let h(r) = 6*r**2 - r - 2. What is h(-2)?
24
Let h(d) = -d**3 - 3*d**2 + 3*d + 3